{"id":575,"date":"2023-07-07T17:33:21","date_gmt":"2023-07-07T17:33:21","guid":{"rendered":"https:\/\/lysbrohistorier.dk\/?page_id=575"},"modified":"2023-12-27T12:37:28","modified_gmt":"2023-12-27T12:37:28","slug":"institutioner","status":"publish","type":"page","link":"http:\/\/lysbrohistorier.dk\/index.php\/institutioner\/","title":{"rendered":"Lysbro Skole"},"content":{"rendered":"\n<div class=\"wp-block-columns is-layout-flex wp-container-core-columns-is-layout-28f84493 wp-block-columns-is-layout-flex\">\n<div class=\"wp-block-column is-layout-flow wp-block-column-is-layout-flow\" style=\"flex-basis:100%\">\n<div class=\"wp-block-columns is-layout-flex wp-container-core-columns-is-layout-28f84493 wp-block-columns-is-layout-flex\">\n<div class=\"wp-block-column is-layout-flow wp-block-column-is-layout-flow\" style=\"flex-basis:100%\">\n<p>&nbsp;Blev bygget i 1930 og fungerede som b\u00f8rneskole til 1960, hvor skolen lukkede.<\/p>\n\n\n\n<div class=\"wp-block-columns is-layout-flex wp-container-core-columns-is-layout-28f84493 wp-block-columns-is-layout-flex\">\n<div class=\"wp-block-column is-layout-flow wp-block-column-is-layout-flow\">\n<figure class=\"wp-block-image size-full\"><img loading=\"lazy\" decoding=\"async\" width=\"472\" height=\"319\" src=\"http:\/\/lysbrohistorier.dk\/wp-content\/uploads\/2023\/07\/Lysbro-Skole-1945-Pedelbolig-i-forgrunden-B9858.jpg\" alt=\"\" class=\"wp-image-976\" srcset=\"http:\/\/lysbrohistorier.dk\/wp-content\/uploads\/2023\/07\/Lysbro-Skole-1945-Pedelbolig-i-forgrunden-B9858.jpg 472w, http:\/\/lysbrohistorier.dk\/wp-content\/uploads\/2023\/07\/Lysbro-Skole-1945-Pedelbolig-i-forgrunden-B9858-300x203.jpg 300w, http:\/\/lysbrohistorier.dk\/wp-content\/uploads\/2023\/07\/Lysbro-Skole-1945-Pedelbolig-i-forgrunden-B9858-24x16.jpg 24w, http:\/\/lysbrohistorier.dk\/wp-content\/uploads\/2023\/07\/Lysbro-Skole-1945-Pedelbolig-i-forgrunden-B9858-36x24.jpg 36w, http:\/\/lysbrohistorier.dk\/wp-content\/uploads\/2023\/07\/Lysbro-Skole-1945-Pedelbolig-i-forgrunden-B9858-48x32.jpg 48w\" sizes=\"auto, (max-width: 472px) 100vw, 472px\" \/><figcaption class=\"wp-element-caption\">Lysbro Skole 1945 Pedelbolig i forgrunden ( B9858)<\/figcaption><\/figure>\n<\/div>\n\n\n\n<div class=\"wp-block-column is-layout-flow wp-block-column-is-layout-flow\">\n<figure class=\"wp-block-image size-full\"><img loading=\"lazy\" decoding=\"async\" width=\"480\" height=\"311\" src=\"http:\/\/lysbrohistorier.dk\/wp-content\/uploads\/2023\/07\/Lysbro-Skole-1959-Silkeborg-Arkiv-B-2610.jpg\" alt=\"\" class=\"wp-image-609\" srcset=\"http:\/\/lysbrohistorier.dk\/wp-content\/uploads\/2023\/07\/Lysbro-Skole-1959-Silkeborg-Arkiv-B-2610.jpg 480w, http:\/\/lysbrohistorier.dk\/wp-content\/uploads\/2023\/07\/Lysbro-Skole-1959-Silkeborg-Arkiv-B-2610-300x194.jpg 300w\" sizes=\"auto, (max-width: 480px) 100vw, 480px\" \/><figcaption class=\"wp-element-caption\">Lysbro Skole 1959, Silkeborg Arkiv B 2610<\/figcaption><\/figure>\n<\/div>\n<\/div>\n\n\n\n<p>Skolen blev herefter eksternat skole &#8211; skole for b\u00f8rn med udviklingshandicap, \u00e5bnede 1961<\/p>\n\n\n\n<p><a href=\"http:\/\/lysbrohistorier.dk\/wp-content\/uploads\/2023\/07\/avisartikler-om-bevarelse-eller-lukning-Lysbro-skole-1.pdf\">http:\/\/lysbrohistorier.dk\/wp-content\/uploads\/2023\/07\/avisartikler-om-bevarelse-eller-lukning-Lysbro-skole-1.pdf<\/a><\/p>\n\n\n\n<p>&nbsp;<a href=\"http:\/\/lysbrohistorier.dk\/wp-content\/uploads\/2023\/07\/Skolen-skal-lukke-Avisartikler.pdf\">http:\/\/lysbrohistorier.dk\/wp-content\/uploads\/2023\/07\/Skolen-skal-lukke-Avisartikler.pdf<\/a><\/p>\n\n\n\n<p><a href=\"http:\/\/lysbrohistorier.dk\/wp-content\/uploads\/2023\/07\/Sidste-skoledag-Lysbro-skole.pdf\">http:\/\/lysbrohistorier.dk\/wp-content\/uploads\/2023\/07\/Sidste-skoledag-Lysbro-skole.pdf<\/a><\/p>\n\n\n\n<p><a href=\"http:\/\/lysbrohistorier.dk\/wp-content\/uploads\/2023\/07\/Avisartikkel-Eksternat-skole-1961-1.pdf\">http:\/\/lysbrohistorier.dk\/wp-content\/uploads\/2023\/07\/Avisartikkel-Eksternat-skole-1961-1.pdf<\/a><\/p>\n\n\n\n<h4 class=\"wp-block-heading\">Lysbro Uddannelsescenter<\/h4>\n\n\n\n<p>Skolen fungerer&nbsp; i dag som Lysbro Uddannelsescenter<strong> &#8211;<\/strong> med tilbud om STU &#8211; Lysbro Kunst &#8211; og Kantine<\/p>\n\n\n\n<p>Lysbro Uddannelsescenter driver Silkeborg Kommunes s\u00e6rligt tilrettelagte ungdomsuddannelse. Det ligger p\u00e5 Lysbroh\u00f8jen 14, 8600 Silkeborg, og er en institution, der drives efter lov om specialundervisning for voksne. Der er en skolebestyrelse med politisk udpeget repr\u00e6sentation, repr\u00e6sentanter fra Danske Handicaporganisationer og selvf\u00f8lgelig repr\u00e6sentanter fra elever og undervisere.&nbsp;<\/p>\n\n\n\n<p id=\"divManchet\">Lysbro Kunst er et \u00a7 104 aktivitets- og samv\u00e6rstilbud med fokus p\u00e5 kunstnerisk og kreativ udfoldelse med mulighed for at l\u00e6re diverse teknikker inden for forskellige kunstretninger &#8211; alt efter interesse og foruds\u00e6tninger. Der er v\u00e6rksteder til at arbejde inden for grafik, stof og design, keramik, billedkunst, glas, skulptur og formning.<\/p>\n\n\n\n<p>Dronning Margrethe bes\u00f8gte Lysbro Uddannelsescenter 4. sept 2018, hvor hun beundrede de smukke kunstv\u00e6rker<\/p>\n<\/div>\n<\/div>\n<\/div>\n<\/div>\n\n\n\n<div class=\"wp-block-columns is-layout-flex wp-container-core-columns-is-layout-28f84493 wp-block-columns-is-layout-flex\">\n<div class=\"wp-block-column is-layout-flow wp-block-column-is-layout-flow\">\n<figure class=\"wp-block-gallery has-nested-images columns-default is-cropped wp-block-gallery-1 is-layout-flex wp-block-gallery-is-layout-flex\">\n<figure class=\"wp-block-image size-large\"><img loading=\"lazy\" decoding=\"async\" width=\"1024\" height=\"576\" data-id=\"587\" src=\"https:\/\/lysbrohistorier.dk\/wp-content\/uploads\/2023\/07\/Lysbro-skole-der-ventes-paa-dronningen-1024x576.jpg\" alt=\"\" class=\"wp-image-587\" srcset=\"http:\/\/lysbrohistorier.dk\/wp-content\/uploads\/2023\/07\/Lysbro-skole-der-ventes-paa-dronningen-1024x576.jpg 1024w, http:\/\/lysbrohistorier.dk\/wp-content\/uploads\/2023\/07\/Lysbro-skole-der-ventes-paa-dronningen-300x169.jpg 300w, http:\/\/lysbrohistorier.dk\/wp-content\/uploads\/2023\/07\/Lysbro-skole-der-ventes-paa-dronningen-768x432.jpg 768w, http:\/\/lysbrohistorier.dk\/wp-content\/uploads\/2023\/07\/Lysbro-skole-der-ventes-paa-dronningen-1536x864.jpg 1536w, http:\/\/lysbrohistorier.dk\/wp-content\/uploads\/2023\/07\/Lysbro-skole-der-ventes-paa-dronningen-2048x1152.jpg 2048w\" sizes=\"auto, (max-width: 1024px) 100vw, 1024px\" \/><\/figure>\n<\/figure>\n<\/div>\n\n\n\n<div class=\"wp-block-column is-layout-flow wp-block-column-is-layout-flow\">\n<figure class=\"wp-block-image size-large\"><img loading=\"lazy\" decoding=\"async\" width=\"1024\" height=\"576\" src=\"https:\/\/lysbrohistorier.dk\/wp-content\/uploads\/2023\/07\/Lysbro-Kunst-og-Margrete-2018-2-1024x576.jpg\" alt=\"\" class=\"wp-image-588\" srcset=\"http:\/\/lysbrohistorier.dk\/wp-content\/uploads\/2023\/07\/Lysbro-Kunst-og-Margrete-2018-2-1024x576.jpg 1024w, http:\/\/lysbrohistorier.dk\/wp-content\/uploads\/2023\/07\/Lysbro-Kunst-og-Margrete-2018-2-300x169.jpg 300w, http:\/\/lysbrohistorier.dk\/wp-content\/uploads\/2023\/07\/Lysbro-Kunst-og-Margrete-2018-2-768x432.jpg 768w, http:\/\/lysbrohistorier.dk\/wp-content\/uploads\/2023\/07\/Lysbro-Kunst-og-Margrete-2018-2-1536x864.jpg 1536w, http:\/\/lysbrohistorier.dk\/wp-content\/uploads\/2023\/07\/Lysbro-Kunst-og-Margrete-2018-2-2048x1152.jpg 2048w\" sizes=\"auto, (max-width: 1024px) 100vw, 1024px\" \/><\/figure>\n<\/div>\n<\/div>\n","protected":false},"excerpt":{"rendered":"<p>&nbsp;Blev bygget i 1930 og fungerede som b\u00f8rneskole til 1960, hvor skolen lukkede. Skolen blev herefter eksternat skole &#8211; skole for b\u00f8rn med udviklingshandicap, \u00e5bnede 1961 http:\/\/lysbrohistorier.dk\/wp-content\/uploads\/2023\/07\/avisartikler-om-bevarelse-eller-lukning-Lysbro-skole-1.pdf &nbsp;http:\/\/lysbrohistorier.dk\/wp-content\/uploads\/2023\/07\/Skolen-skal-lukke-Avisartikler.pdf http:\/\/lysbrohistorier.dk\/wp-content\/uploads\/2023\/07\/Sidste-skoledag-Lysbro-skole.pdf http:\/\/lysbrohistorier.dk\/wp-content\/uploads\/2023\/07\/Avisartikkel-Eksternat-skole-1961-1.pdf Lysbro Uddannelsescenter Skolen fungerer&nbsp; i dag som Lysbro Uddannelsescenter &#8211; med tilbud om STU &#8211; Lysbro Kunst &#8211; og Kantine Lysbro Uddannelsescenter driver Silkeborg Kommunes [&hellip;]<\/p>\n","protected":false},"author":1,"featured_media":0,"parent":0,"menu_order":0,"comment_status":"closed","ping_status":"closed","template":"","meta":{"site-sidebar-layout":"default","site-content-layout":"","ast-site-content-layout":"default","site-content-style":"default","site-sidebar-style":"default","ast-global-header-display":"","ast-banner-title-visibility":"","ast-main-header-display":"","ast-hfb-above-header-display":"","ast-hfb-below-header-display":"","ast-hfb-mobile-header-display":"","site-post-title":"","ast-breadcrumbs-content":"","ast-featured-img":"","footer-sml-layout":"","ast-disable-related-posts":"","theme-transparent-header-meta":"","adv-header-id-meta":"","stick-header-meta":"","header-above-stick-meta":"","header-main-stick-meta":"","header-below-stick-meta":"","astra-migrate-meta-layouts":"default","ast-page-background-enabled":"default","ast-page-background-meta":{"desktop":{"background-color":"var(--ast-global-color-4)","background-image":"","background-repeat":"repeat","background-position":"center center","background-size":"auto","background-attachment":"scroll","background-type":"","background-media":"","overlay-type":"","overlay-color":"","overlay-opacity":"","overlay-gradient":""},"tablet":{"background-color":"","background-image":"","background-repeat":"repeat","background-position":"center center","background-size":"auto","background-attachment":"scroll","background-type":"","background-media":"","overlay-type":"","overlay-color":"","overlay-opacity":"","overlay-gradient":""},"mobile":{"background-color":"","background-image":"","background-repeat":"repeat","background-position":"center center","background-size":"auto","background-attachment":"scroll","background-type":"","background-media":"","overlay-type":"","overlay-color":"","overlay-opacity":"","overlay-gradient":""}},"ast-content-background-meta":{"desktop":{"background-color":"var(--ast-global-color-5)","background-image":"","background-repeat":"repeat","background-position":"center center","background-size":"auto","background-attachment":"scroll","background-type":"","background-media":"","overlay-type":"","overlay-color":"","overlay-opacity":"","overlay-gradient":""},"tablet":{"background-color":"var(--ast-global-color-5)","background-image":"","background-repeat":"repeat","background-position":"center center","background-size":"auto","background-attachment":"scroll","background-type":"","background-media":"","overlay-type":"","overlay-color":"","overlay-opacity":"","overlay-gradient":""},"mobile":{"background-color":"var(--ast-global-color-5)","background-image":"","background-repeat":"repeat","background-position":"center center","background-size":"auto","background-attachment":"scroll","background-type":"","background-media":"","overlay-type":"","overlay-color":"","overlay-opacity":"","overlay-gradient":""}},"footnotes":""},"class_list":["post-575","page","type-page","status-publish","hentry"],"_links":{"self":[{"href":"http:\/\/lysbrohistorier.dk\/index.php\/wp-json\/wp\/v2\/pages\/575","targetHints":{"allow":["GET"]}}],"collection":[{"href":"http:\/\/lysbrohistorier.dk\/index.php\/wp-json\/wp\/v2\/pages"}],"about":[{"href":"http:\/\/lysbrohistorier.dk\/index.php\/wp-json\/wp\/v2\/types\/page"}],"author":[{"embeddable":true,"href":"http:\/\/lysbrohistorier.dk\/index.php\/wp-json\/wp\/v2\/users\/1"}],"replies":[{"embeddable":true,"href":"http:\/\/lysbrohistorier.dk\/index.php\/wp-json\/wp\/v2\/comments?post=575"}],"version-history":[{"count":14,"href":"http:\/\/lysbrohistorier.dk\/index.php\/wp-json\/wp\/v2\/pages\/575\/revisions"}],"predecessor-version":[{"id":1652,"href":"http:\/\/lysbrohistorier.dk\/index.php\/wp-json\/wp\/v2\/pages\/575\/revisions\/1652"}],"wp:attachment":[{"href":"http:\/\/lysbrohistorier.dk\/index.php\/wp-json\/wp\/v2\/media?parent=575"}],"curies":[{"name":"wp","href":"https:\/\/api.w.org\/{rel}","templated":true}]}}

<div class="wp-block-columns is-layout-flex wp-container-core-columns-is-layout-28f84493 wp-block-columns-is-layout-flex">
<div class="wp-block-column is-layout-flow wp-block-column-is-layout-flow" style="flex-basis:100%">
<div class="wp-block-columns is-layout-flex wp-container-core-columns-is-layout-28f84493 wp-block-columns-is-layout-flex">
<div class="wp-block-column is-layout-flow wp-block-column-is-layout-flow" style="flex-basis:100%">
<p>&nbsp;Blev bygget i 1930 og fungerede som børneskole til 1960, hvor skolen lukkede.</p>



<div class="wp-block-columns is-layout-flex wp-container-core-columns-is-layout-28f84493 wp-block-columns-is-layout-flex">
<div class="wp-block-column is-layout-flow wp-block-column-is-layout-flow">
<figure class="wp-block-image size-full"><img loading="lazy" decoding="async" width="472" height="319" src="http://lysbrohistorier.dk/wp-content/uploads/2023/07/Lysbro-Skole-1945-Pedelbolig-i-forgrunden-B9858.jpg" alt="" class="wp-image-976" srcset="http://lysbrohistorier.dk/wp-content/uploads/2023/07/Lysbro-Skole-1945-Pedelbolig-i-forgrunden-B9858.jpg 472w, http://lysbrohistorier.dk/wp-content/uploads/2023/07/Lysbro-Skole-1945-Pedelbolig-i-forgrunden-B9858-300x203.jpg 300w, http://lysbrohistorier.dk/wp-content/uploads/2023/07/Lysbro-Skole-1945-Pedelbolig-i-forgrunden-B9858-24x16.jpg 24w, http://lysbrohistorier.dk/wp-content/uploads/2023/07/Lysbro-Skole-1945-Pedelbolig-i-forgrunden-B9858-36x24.jpg 36w, http://lysbrohistorier.dk/wp-content/uploads/2023/07/Lysbro-Skole-1945-Pedelbolig-i-forgrunden-B9858-48x32.jpg 48w" sizes="auto, (max-width: 472px) 100vw, 472px" /><figcaption class="wp-element-caption">Lysbro Skole 1945 Pedelbolig i forgrunden ( B9858)</figcaption></figure>
</div>



<div class="wp-block-column is-layout-flow wp-block-column-is-layout-flow">
<figure class="wp-block-image size-full"><img loading="lazy" decoding="async" width="480" height="311" src="http://lysbrohistorier.dk/wp-content/uploads/2023/07/Lysbro-Skole-1959-Silkeborg-Arkiv-B-2610.jpg" alt="" class="wp-image-609" srcset="http://lysbrohistorier.dk/wp-content/uploads/2023/07/Lysbro-Skole-1959-Silkeborg-Arkiv-B-2610.jpg 480w, http://lysbrohistorier.dk/wp-content/uploads/2023/07/Lysbro-Skole-1959-Silkeborg-Arkiv-B-2610-300x194.jpg 300w" sizes="auto, (max-width: 480px) 100vw, 480px" /><figcaption class="wp-element-caption">Lysbro Skole 1959, Silkeborg Arkiv B 2610</figcaption></figure>
</div>
</div>



<p>Skolen blev herefter eksternat skole &#8211; skole for børn med udviklingshandicap, åbnede 1961</p>



<p><a href="http://lysbrohistorier.dk/wp-content/uploads/2023/07/avisartikler-om-bevarelse-eller-lukning-Lysbro-skole-1.pdf">http://lysbrohistorier.dk/wp-content/uploads/2023/07/avisartikler-om-bevarelse-eller-lukning-Lysbro-skole-1.pdf</a></p>



<p>&nbsp;<a href="http://lysbrohistorier.dk/wp-content/uploads/2023/07/Skolen-skal-lukke-Avisartikler.pdf">http://lysbrohistorier.dk/wp-content/uploads/2023/07/Skolen-skal-lukke-Avisartikler.pdf</a></p>



<p><a href="http://lysbrohistorier.dk/wp-content/uploads/2023/07/Sidste-skoledag-Lysbro-skole.pdf">http://lysbrohistorier.dk/wp-content/uploads/2023/07/Sidste-skoledag-Lysbro-skole.pdf</a></p>



<p><a href="http://lysbrohistorier.dk/wp-content/uploads/2023/07/Avisartikkel-Eksternat-skole-1961-1.pdf">http://lysbrohistorier.dk/wp-content/uploads/2023/07/Avisartikkel-Eksternat-skole-1961-1.pdf</a></p>



<h4 class="wp-block-heading">Lysbro Uddannelsescenter</h4>



<p>Skolen fungerer&nbsp; i dag som Lysbro Uddannelsescenter<strong> &#8211;</strong> med tilbud om STU &#8211; Lysbro Kunst &#8211; og Kantine</p>



<p>Lysbro Uddannelsescenter driver Silkeborg Kommunes særligt tilrettelagte ungdomsuddannelse. Det ligger på Lysbrohøjen 14, 8600 Silkeborg, og er en institution, der drives efter lov om specialundervisning for voksne. Der er en skolebestyrelse med politisk udpeget repræsentation, repræsentanter fra Danske Handicaporganisationer og selvfølgelig repræsentanter fra elever og undervisere.&nbsp;</p>



<p id="divManchet">Lysbro Kunst er et § 104 aktivitets- og samværstilbud med fokus på kunstnerisk og kreativ udfoldelse med mulighed for at lære diverse teknikker inden for forskellige kunstretninger &#8211; alt efter interesse og forudsætninger. Der er værksteder til at arbejde inden for grafik, stof og design, keramik, billedkunst, glas, skulptur og formning.</p>



<p>Dronning Margrethe besøgte Lysbro Uddannelsescenter 4. sept 2018, hvor hun beundrede de smukke kunstværker</p>
</div>
</div>
</div>
</div>



<div class="wp-block-columns is-layout-flex wp-container-core-columns-is-layout-28f84493 wp-block-columns-is-layout-flex">
<div class="wp-block-column is-layout-flow wp-block-column-is-layout-flow">
<figure class="wp-block-gallery has-nested-images columns-default is-cropped wp-block-gallery-1 is-layout-flex wp-block-gallery-is-layout-flex">
<figure class="wp-block-image size-large"><img loading="lazy" decoding="async" width="1024" height="576" data-id="587" src="https://lysbrohistorier.dk/wp-content/uploads/2023/07/Lysbro-skole-der-ventes-paa-dronningen-1024x576.jpg" alt="" class="wp-image-587" srcset="http://lysbrohistorier.dk/wp-content/uploads/2023/07/Lysbro-skole-der-ventes-paa-dronningen-1024x576.jpg 1024w, http://lysbrohistorier.dk/wp-content/uploads/2023/07/Lysbro-skole-der-ventes-paa-dronningen-300x169.jpg 300w, http://lysbrohistorier.dk/wp-content/uploads/2023/07/Lysbro-skole-der-ventes-paa-dronningen-768x432.jpg 768w, http://lysbrohistorier.dk/wp-content/uploads/2023/07/Lysbro-skole-der-ventes-paa-dronningen-1536x864.jpg 1536w, http://lysbrohistorier.dk/wp-content/uploads/2023/07/Lysbro-skole-der-ventes-paa-dronningen-2048x1152.jpg 2048w" sizes="auto, (max-width: 1024px) 100vw, 1024px" /></figure>
</figure>
</div>



<div class="wp-block-column is-layout-flow wp-block-column-is-layout-flow">
<figure class="wp-block-image size-large"><img loading="lazy" decoding="async" width="1024" height="576" src="https://lysbrohistorier.dk/wp-content/uploads/2023/07/Lysbro-Kunst-og-Margrete-2018-2-1024x576.jpg" alt="" class="wp-image-588" srcset="http://lysbrohistorier.dk/wp-content/uploads/2023/07/Lysbro-Kunst-og-Margrete-2018-2-1024x576.jpg 1024w, http://lysbrohistorier.dk/wp-content/uploads/2023/07/Lysbro-Kunst-og-Margrete-2018-2-300x169.jpg 300w, http://lysbrohistorier.dk/wp-content/uploads/2023/07/Lysbro-Kunst-og-Margrete-2018-2-768x432.jpg 768w, http://lysbrohistorier.dk/wp-content/uploads/2023/07/Lysbro-Kunst-og-Margrete-2018-2-1536x864.jpg 1536w, http://lysbrohistorier.dk/wp-content/uploads/2023/07/Lysbro-Kunst-og-Margrete-2018-2-2048x1152.jpg 2048w" sizes="auto, (max-width: 1024px) 100vw, 1024px" /></figure>
</div>
</div>

<p>&nbsp;Blev bygget i 1930 og fungerede som børneskole til 1960, hvor skolen lukkede. Skolen blev herefter eksternat skole &#8211; skole for børn med udviklingshandicap, åbnede 1961 http://lysbrohistorier.dk/wp-content/uploads/2023/07/avisartikler-om-bevarelse-eller-lukning-Lysbro-skole-1.pdf &nbsp;http://lysbrohistorier.dk/wp-content/uploads/2023/07/Skolen-skal-lukke-Avisartikler.pdf http://lysbrohistorier.dk/wp-content/uploads/2023/07/Sidste-skoledag-Lysbro-skole.pdf http://lysbrohistorier.dk/wp-content/uploads/2023/07/Avisartikkel-Eksternat-skole-1961-1.pdf Lysbro Uddannelsescenter Skolen fungerer&nbsp; i dag som Lysbro Uddannelsescenter &#8211; med tilbud om STU &#8211; Lysbro Kunst &#8211; og Kantine Lysbro Uddannelsescenter driver Silkeborg Kommunes [&hellip;]</p>
