{"id":1001,"date":"2023-08-04T10:25:14","date_gmt":"2023-08-04T10:25:14","guid":{"rendered":"https:\/\/lysbrohistorier.dk\/?page_id=1001"},"modified":"2023-09-05T16:07:42","modified_gmt":"2023-09-05T16:07:42","slug":"teglvaerkarbejdernes-forhold-i-pionertiden-i-lysbro","status":"publish","type":"page","link":"https:\/\/lysbrohistorier.dk\/index.php\/teglvaerkarbejdernes-forhold-i-pionertiden-i-lysbro\/","title":{"rendered":"Sociale forhold  i &#8220;pionertidens&#8221; Lysbro"},"content":{"rendered":"<p>`Kr\u00e6n Teglbr\u00e6nder` starter teglv\u00e6rk ved B\u00f8gildh\u00f8j&nbsp; (i dag Lysbrogade)&nbsp; i 1838.<\/p>\n<p>P\u00e5 den tid levede der i Danmark ca. 1.4 millioner mennesker, da boede 8 ud af 10 p\u00e5 landet.<\/p>\n<p>I 1901 var tallet vokset til 2,4 million, og 6 af 10 p\u00e5 landet.<\/p>\n<p>Befolknings tilv\u00e6ksten skyldes ikke indvandring, dog var der 50.000 slesviger, svenskere og polakker der bosatte sig i Danmark i slut 1800, men ogs\u00e5 300.000 dansker udvandrede.<\/p>\n<p>Der blev heller ikke f\u00f8dt flere b\u00f8rn, tv\u00e6rtimod.&nbsp;&nbsp; Derimod var det faldende d\u00f8delighed blandt b\u00f8rn,<\/p>\n<p>Midt 1800 tallet var middellevetiden 40 \u00e5r, den var steget til 55 i \u00e5r 1900.<\/p>\n<p>\u00c5rsagen til bedre levevis var is\u00e6r en rigeligere og bedre kost, bl.a. kartoflen gjorde at flere fattige kunne blive m\u00e6tte, ogs\u00e5 kloakering, renovation og ikke mindst renere drikkevand bidrog.<\/p>\n<p><\/p>\n<p>Teglv\u00e6rksarbejderne og arbejdsm\u00e6ndene begyndte at organisere sig fra 1893 og fremefter, for at f\u00e5 et mere menneske v\u00e6rdigt liv for dem selv og deres familier.&nbsp;&nbsp; Et arbejde b\u00f8r sikre et rimeligt udbytte, der kan give en familie en eksistens med `berettige forn\u00f8denheder`<\/p>\n<p>\u00d8nsket om et menneskev\u00e6rdigt liv var, et arbejde, h\u00f8jere l\u00f8n, lavere arbejdstid, og sikring ved sygdom og arbejdsl\u00f8shed.<\/p>\n<p>En arbejdsmand tjente i 1883 14 kr. om ugen for 63 timer, alts\u00e5 22 \u00f8re i timen og den kunne v\u00e6re lavere.&nbsp; Det var en 6 dages uge, fra klokken 6 morgen til 6 aften, hvor der var 1\u00bd times middagspause til lige og komme hjem til varm middagsmad og en lille blund m\u00e5ske.<\/p>\n<p>I 1895 f\u00e5r man den f\u00f8rste Fane, til den nette sum af 60 kroner, en krone fra hvert medlem.<\/p>\n<figure id=\"attachment_1046\" aria-describedby=\"caption-attachment-1046\" style=\"width: 462px\" class=\"wp-caption aligncenter\"><img loading=\"lazy\" decoding=\"async\" class=\" wp-image-1046\" src=\"http:\/\/lysbrohistorier.dk\/wp-content\/uploads\/2023\/08\/Teglvaerksarbejdernes-fane-roed-300x187.jpg\" alt=\"\" width=\"462\" height=\"288\" srcset=\"https:\/\/lysbrohistorier.dk\/wp-content\/uploads\/2023\/08\/Teglvaerksarbejdernes-fane-roed-300x187.jpg 300w, https:\/\/lysbrohistorier.dk\/wp-content\/uploads\/2023\/08\/Teglvaerksarbejdernes-fane-roed-768x480.jpg 768w, https:\/\/lysbrohistorier.dk\/wp-content\/uploads\/2023\/08\/Teglvaerksarbejdernes-fane-roed-24x15.jpg 24w, https:\/\/lysbrohistorier.dk\/wp-content\/uploads\/2023\/08\/Teglvaerksarbejdernes-fane-roed-36x22.jpg 36w, https:\/\/lysbrohistorier.dk\/wp-content\/uploads\/2023\/08\/Teglvaerksarbejdernes-fane-roed-48x30.jpg 48w, https:\/\/lysbrohistorier.dk\/wp-content\/uploads\/2023\/08\/Teglvaerksarbejdernes-fane-roed.jpg 791w\" sizes=\"auto, (max-width: 462px) 100vw, 462px\" \/><figcaption id=\"caption-attachment-1046\" class=\"wp-caption-text\">Teglv\u00e6rksarbejdernes fane fra 14. august 1904<\/figcaption><\/figure>\n<p>Timel\u00f8nnen er nu omkring 24 \u00f8re for m\u00e6nd og 15 \u00f8re for kvinder p\u00e5 Papirfabrikken, der havde hel\u00e5rsarbejde i mods\u00e6tning til teglv\u00e6rksarbejdere og h\u00e5ndv\u00e6rkere hvor vinteren kunne v\u00e6re en udfordring &#8211;&nbsp; med kredit ved k\u00f8bmanden.<\/p>\n<p>Nogle af arbejderens forn\u00f8denheder kostede i 1895 f\u00f8lgende.&nbsp; K\u00f8d 35-45 \u00f8re pr pund, fl\u00e6sk 50-55 \u00f8re pr pund, slagteriaffald 9-10 \u00f8re pr pund, oksek\u00f8d var underligt nok billigere, m\u00e6lk 5-10 \u00f8re pr pot, &nbsp;mel 9-10 \u00f8re pr pund, et rugbr\u00f8d p\u00e5 8 pund 42 \u00f8re, alts\u00e5 n\u00e6sten 2 timel\u00f8ninger<\/p>\n<p>En 2 v\u00e6relses lejlighed kostede 6-8 kr. pr m\u00e5ned, ugifte unge kunne f\u00e5 et v\u00e6relse for 1 krone pr\/md.<\/p>\n<p>S\u00e5 en stor del af arbejdsl\u00f8nnen gik til basale livsforn\u00f8denheder.&nbsp;&nbsp;&nbsp;&nbsp;&nbsp; I 1896 er l\u00f8nnen steget til 26 \u00f8re og arbejdstiden afkortet til 10 timer dagligt i 6 dage.<\/p>\n<p>I 1899 var underst\u00f8ttelsen 7 kroner om ugen, hvilket skal sammenholdes med en ugel\u00f8n p\u00e5 ca. 18 kroner.<\/p>\n<p>Arbejdsugens l\u00e6ngde<\/p>\n\n\n<div class=\"wp-block-columns is-layout-flex wp-container-core-columns-is-layout-28f84493 wp-block-columns-is-layout-flex\">\n<div class=\"wp-block-column is-layout-flow wp-block-column-is-layout-flow\">\n<ul>\n<li>1915 &nbsp;&nbsp; 56 timer<\/li>\n<li>1919&nbsp;&nbsp;&nbsp; 50,5 timer<\/li>\n<li>1920 &nbsp;&nbsp; 48 timer<\/li>\n<li>1958, efter 38 \u00e5r sker der endelig igen, arbejdstiden neds\u00e6ttes<\/li>\n<li>en time pr \u00e5r de n\u00e6ste 3 \u00e5r&nbsp; <\/li>\n<li>1960&nbsp;&nbsp;&nbsp; 45 timer<\/li>\n<li>1966&nbsp;&nbsp;&nbsp; 44&nbsp; timer<\/li>\n<li>1967&nbsp;&nbsp;&nbsp; 42,5 timer<\/li>\n<li>1971&nbsp;&nbsp;&nbsp; 41,75 timer<\/li>\n<li>1976&nbsp;&nbsp;&nbsp; 40 timer<\/li>\n<li>1985&nbsp;&nbsp;&nbsp; 39 timer<\/li>\n<li>1987&nbsp;&nbsp;&nbsp; 38,5 timer<\/li>\n<li>1988&nbsp;&nbsp;&nbsp; 38 timer<\/li>\n<li>1989&nbsp;&nbsp;&nbsp; 37,5 timer<\/li>\n<li>1990&nbsp;&nbsp;&nbsp; 37 timer.<\/li>\n<\/ul>\n<\/div>\n\n\n\n<div class=\"wp-block-column is-layout-flow wp-block-column-is-layout-flow\">\n<figure class=\"wp-block-image size-large is-resized\"><img loading=\"lazy\" decoding=\"async\" src=\"http:\/\/lysbrohistorier.dk\/wp-content\/uploads\/2023\/08\/Teglvaerksarbejdere-i-Lybro-B21659-1024x690.jpg\" alt=\"\" class=\"wp-image-1002\" width=\"562\" height=\"378\" srcset=\"https:\/\/lysbrohistorier.dk\/wp-content\/uploads\/2023\/08\/Teglvaerksarbejdere-i-Lybro-B21659-1024x690.jpg 1024w, https:\/\/lysbrohistorier.dk\/wp-content\/uploads\/2023\/08\/Teglvaerksarbejdere-i-Lybro-B21659-300x202.jpg 300w, https:\/\/lysbrohistorier.dk\/wp-content\/uploads\/2023\/08\/Teglvaerksarbejdere-i-Lybro-B21659-768x517.jpg 768w, https:\/\/lysbrohistorier.dk\/wp-content\/uploads\/2023\/08\/Teglvaerksarbejdere-i-Lybro-B21659-24x16.jpg 24w, https:\/\/lysbrohistorier.dk\/wp-content\/uploads\/2023\/08\/Teglvaerksarbejdere-i-Lybro-B21659-36x24.jpg 36w, https:\/\/lysbrohistorier.dk\/wp-content\/uploads\/2023\/08\/Teglvaerksarbejdere-i-Lybro-B21659-48x32.jpg 48w, https:\/\/lysbrohistorier.dk\/wp-content\/uploads\/2023\/08\/Teglvaerksarbejdere-i-Lybro-B21659.jpg 1280w\" sizes=\"auto, (max-width: 562px) 100vw, 562px\" \/><figcaption class=\"wp-element-caption\">Teglv\u00e6rksarbejdere i Lysbro (B21659)<\/figcaption><\/figure>\n<\/div>\n<\/div>\n\n\n<p>Ferier var et ukendt begreb for arbejdere i 1800 tallet. Omkring \u00e5r 1900 udviklede det nordeurop\u00e6iske borgerskab en s\u00e6rlig landliggerkultur, hvor familierne med tjenestefolk flyttede p\u00e5 landet eller til havet. (f. eks. F.L.Smidt, Salten Langs\u00f8 &#8211;&nbsp; L\u00f8kken Badehotel med de hvide badehuse)<\/p>\n<p>Ogs\u00e5 et forbud mod s\u00f8ndagsarbejde i 1891, satte gang i kolonihavebev\u00e6gelsen.<\/p>\n<p>I 1919 holdt ca. 20 % af de organiserede ferie, og 1934 var det 47 %, selv om egentlig ferie med l\u00f8n f\u00f8rst blev indf\u00f8rt i 1938.&nbsp;&nbsp; Stauning oprettede Dansk Folkeferie og her var lange k\u00f8er n\u00e5r ferien startede.<\/p>\n<p>Loven gav i 1939 ret til 9 dages ferie med l\u00f8n og i 1940 12 dage.<\/p>\n<p>Allerede i 1854 oprettedes der feriekolonier til k\u00f8benhavnske skoleb\u00f8rn, en institution der har v\u00e6ret til gavn for rigtig mange, og som i 1961 blev overtaget af B\u00f8rnenes Kontor.<\/p>\n<p>Restriktionerne under bes\u00e6ttelsen 1940-45 medf\u00f8rte vandrebev\u00e6gelsen, strandparker og s\u00f8badene, og i 1950` erne blev de sm\u00e5 primitive sommerhuse flere og mere luksusbetonede, hvilket ogs\u00e5 udenlandske turister n\u00f8d godt af, og stadig g\u00f8r. Der er i dag&nbsp; (2019) ca. 225.000 sommerhuse i Danmark.<\/p>\n<p>En ny trend i 1956&nbsp; var ogs\u00e5 Spies og Tj\u00e6reborg charterrejser og som der i nutiden er uendelige muligheder.<\/p>\n<h5><strong>Skat<\/strong><\/h5>\n<p>De gode Lysbroborgere bidrog med Skat til Silkeborg kommune &#8211; Der blev udgivet skatte og adresseb\u00f8ger&nbsp; hvor man kan se hvad den enkelte bidrager med<\/p>\n<p><\/p>\n\n\n<div class=\"wp-block-columns is-layout-flex wp-container-core-columns-is-layout-28f84493 wp-block-columns-is-layout-flex\">\n<div class=\"wp-block-column is-layout-flow wp-block-column-is-layout-flow\">\n<figure class=\"wp-block-image size-large\"><img loading=\"lazy\" decoding=\"async\" width=\"726\" height=\"1024\" src=\"http:\/\/lysbrohistorier.dk\/wp-content\/uploads\/2023\/08\/Skattebog-forside-1-726x1024.png\" alt=\"\" class=\"wp-image-1163\" srcset=\"https:\/\/lysbrohistorier.dk\/wp-content\/uploads\/2023\/08\/Skattebog-forside-1-726x1024.png 726w, https:\/\/lysbrohistorier.dk\/wp-content\/uploads\/2023\/08\/Skattebog-forside-1-213x300.png 213w, https:\/\/lysbrohistorier.dk\/wp-content\/uploads\/2023\/08\/Skattebog-forside-1-768x1083.png 768w, https:\/\/lysbrohistorier.dk\/wp-content\/uploads\/2023\/08\/Skattebog-forside-1-1090x1536.png 1090w, https:\/\/lysbrohistorier.dk\/wp-content\/uploads\/2023\/08\/Skattebog-forside-1-17x24.png 17w, https:\/\/lysbrohistorier.dk\/wp-content\/uploads\/2023\/08\/Skattebog-forside-1-26x36.png 26w, https:\/\/lysbrohistorier.dk\/wp-content\/uploads\/2023\/08\/Skattebog-forside-1-34x48.png 34w, https:\/\/lysbrohistorier.dk\/wp-content\/uploads\/2023\/08\/Skattebog-forside-1.png 1430w\" sizes=\"auto, (max-width: 726px) 100vw, 726px\" \/><figcaption class=\"wp-element-caption\">Skatte og  adressebog 1952\/1953<\/figcaption><\/figure>\n<\/div>\n\n\n\n<div class=\"wp-block-column is-layout-flow wp-block-column-is-layout-flow\">\n<figure class=\"wp-block-image size-large\"><img loading=\"lazy\" decoding=\"async\" width=\"726\" height=\"1024\" src=\"http:\/\/lysbrohistorier.dk\/wp-content\/uploads\/2023\/08\/Skattebog-1952-1953-s2-726x1024.png\" alt=\"\" class=\"wp-image-1164\" srcset=\"https:\/\/lysbrohistorier.dk\/wp-content\/uploads\/2023\/08\/Skattebog-1952-1953-s2-726x1024.png 726w, https:\/\/lysbrohistorier.dk\/wp-content\/uploads\/2023\/08\/Skattebog-1952-1953-s2-213x300.png 213w, https:\/\/lysbrohistorier.dk\/wp-content\/uploads\/2023\/08\/Skattebog-1952-1953-s2-768x1083.png 768w, https:\/\/lysbrohistorier.dk\/wp-content\/uploads\/2023\/08\/Skattebog-1952-1953-s2-1090x1536.png 1090w, https:\/\/lysbrohistorier.dk\/wp-content\/uploads\/2023\/08\/Skattebog-1952-1953-s2-17x24.png 17w, https:\/\/lysbrohistorier.dk\/wp-content\/uploads\/2023\/08\/Skattebog-1952-1953-s2-26x36.png 26w, https:\/\/lysbrohistorier.dk\/wp-content\/uploads\/2023\/08\/Skattebog-1952-1953-s2-34x48.png 34w, https:\/\/lysbrohistorier.dk\/wp-content\/uploads\/2023\/08\/Skattebog-1952-1953-s2.png 1430w\" sizes=\"auto, (max-width: 726px) 100vw, 726px\" \/><figcaption class=\"wp-element-caption\">Skatte og Adressebog<\/figcaption><\/figure>\n<\/div>\n<\/div>\n\n\n<p>N\u00e5r man bladre i skatte bogen kan man se hvad den enkelte betale i skat og bidrog med til Silkeborg kommune<\/p>\n\n\n<figure class=\"wp-block-image size-large\"><img loading=\"lazy\" decoding=\"async\" width=\"731\" height=\"1024\" src=\"http:\/\/lysbrohistorier.dk\/wp-content\/uploads\/2023\/08\/skattebog_side_41-731x1024.png\" alt=\"\" class=\"wp-image-1165\" srcset=\"https:\/\/lysbrohistorier.dk\/wp-content\/uploads\/2023\/08\/skattebog_side_41-731x1024.png 731w, https:\/\/lysbrohistorier.dk\/wp-content\/uploads\/2023\/08\/skattebog_side_41-214x300.png 214w, https:\/\/lysbrohistorier.dk\/wp-content\/uploads\/2023\/08\/skattebog_side_41-768x1076.png 768w, https:\/\/lysbrohistorier.dk\/wp-content\/uploads\/2023\/08\/skattebog_side_41-1096x1536.png 1096w, https:\/\/lysbrohistorier.dk\/wp-content\/uploads\/2023\/08\/skattebog_side_41-17x24.png 17w, https:\/\/lysbrohistorier.dk\/wp-content\/uploads\/2023\/08\/skattebog_side_41-26x36.png 26w, https:\/\/lysbrohistorier.dk\/wp-content\/uploads\/2023\/08\/skattebog_side_41-34x48.png 34w, https:\/\/lysbrohistorier.dk\/wp-content\/uploads\/2023\/08\/skattebog_side_41.png 1406w\" sizes=\"auto, (max-width: 731px) 100vw, 731px\" \/><figcaption class=\"wp-element-caption\">Tallet til h\u00f8jre for navnet er det bel\u00f8b der blev betalt i skat<\/figcaption><\/figure>\n","protected":false},"excerpt":{"rendered":"<p>`Kr\u00e6n Teglbr\u00e6nder` starter teglv\u00e6rk ved B\u00f8gildh\u00f8j&nbsp; (i dag Lysbrogade)&nbsp; i 1838. P\u00e5 den tid levede der i Danmark ca. 1.4 millioner mennesker, da boede 8 ud af 10 p\u00e5 landet. I 1901 var tallet vokset til 2,4 million, og 6 af 10 p\u00e5 landet. Befolknings tilv\u00e6ksten skyldes ikke indvandring, dog var der 50.000 slesviger, svenskere [&hellip;]<\/p>\n","protected":false},"author":1,"featured_media":0,"parent":0,"menu_order":0,"comment_status":"closed","ping_status":"closed","template":"","meta":{"site-sidebar-layout":"no-sidebar","site-content-layout":"plain-container","ast-site-content-layout":"default","site-content-style":"default","site-sidebar-style":"default","ast-global-header-display":"","ast-banner-title-visibility":"","ast-main-header-display":"","ast-hfb-above-header-display":"","ast-hfb-below-header-display":"","ast-hfb-mobile-header-display":"","site-post-title":"","ast-breadcrumbs-content":"","ast-featured-img":"","footer-sml-layout":"","ast-disable-related-posts":"","theme-transparent-header-meta":"","adv-header-id-meta":"","stick-header-meta":"","header-above-stick-meta":"","header-main-stick-meta":"","header-below-stick-meta":"","astra-migrate-meta-layouts":"default","ast-page-background-enabled":"default","ast-page-background-meta":{"desktop":{"background-color":"var(--ast-global-color-4)","background-image":"","background-repeat":"repeat","background-position":"center center","background-size":"auto","background-attachment":"scroll","background-type":"","background-media":"","overlay-type":"","overlay-color":"","overlay-opacity":"","overlay-gradient":""},"tablet":{"background-color":"","background-image":"","background-repeat":"repeat","background-position":"center center","background-size":"auto","background-attachment":"scroll","background-type":"","background-media":"","overlay-type":"","overlay-color":"","overlay-opacity":"","overlay-gradient":""},"mobile":{"background-color":"","background-image":"","background-repeat":"repeat","background-position":"center center","background-size":"auto","background-attachment":"scroll","background-type":"","background-media":"","overlay-type":"","overlay-color":"","overlay-opacity":"","overlay-gradient":""}},"ast-content-background-meta":{"desktop":{"background-color":"var(--ast-global-color-5)","background-image":"","background-repeat":"repeat","background-position":"center center","background-size":"auto","background-attachment":"scroll","background-type":"","background-media":"","overlay-type":"","overlay-color":"","overlay-opacity":"","overlay-gradient":""},"tablet":{"background-color":"var(--ast-global-color-5)","background-image":"","background-repeat":"repeat","background-position":"center center","background-size":"auto","background-attachment":"scroll","background-type":"","background-media":"","overlay-type":"","overlay-color":"","overlay-opacity":"","overlay-gradient":""},"mobile":{"background-color":"var(--ast-global-color-5)","background-image":"","background-repeat":"repeat","background-position":"center center","background-size":"auto","background-attachment":"scroll","background-type":"","background-media":"","overlay-type":"","overlay-color":"","overlay-opacity":"","overlay-gradient":""}},"footnotes":""},"class_list":["post-1001","page","type-page","status-publish","hentry"],"_links":{"self":[{"href":"https:\/\/lysbrohistorier.dk\/index.php\/wp-json\/wp\/v2\/pages\/1001","targetHints":{"allow":["GET"]}}],"collection":[{"href":"https:\/\/lysbrohistorier.dk\/index.php\/wp-json\/wp\/v2\/pages"}],"about":[{"href":"https:\/\/lysbrohistorier.dk\/index.php\/wp-json\/wp\/v2\/types\/page"}],"author":[{"embeddable":true,"href":"https:\/\/lysbrohistorier.dk\/index.php\/wp-json\/wp\/v2\/users\/1"}],"replies":[{"embeddable":true,"href":"https:\/\/lysbrohistorier.dk\/index.php\/wp-json\/wp\/v2\/comments?post=1001"}],"version-history":[{"count":8,"href":"https:\/\/lysbrohistorier.dk\/index.php\/wp-json\/wp\/v2\/pages\/1001\/revisions"}],"predecessor-version":[{"id":1220,"href":"https:\/\/lysbrohistorier.dk\/index.php\/wp-json\/wp\/v2\/pages\/1001\/revisions\/1220"}],"wp:attachment":[{"href":"https:\/\/lysbrohistorier.dk\/index.php\/wp-json\/wp\/v2\/media?parent=1001"}],"curies":[{"name":"wp","href":"https:\/\/api.w.org\/{rel}","templated":true}]}}