{"id":303,"date":"2023-05-10T09:57:06","date_gmt":"2023-05-10T09:57:06","guid":{"rendered":"https:\/\/lysbrohistorier.dk\/?page_id=303"},"modified":"2023-09-05T16:10:15","modified_gmt":"2023-09-05T16:10:15","slug":"hotel-lysbro","status":"publish","type":"page","link":"https:\/\/lysbrohistorier.dk\/index.php\/hotel-lysbro\/","title":{"rendered":"Hotel Lysbro"},"content":{"rendered":"\n<p><strong>1906<\/strong><\/p>\n\n\n\n<p>Opf\u00f8res Hotel Lysbro<\/p>\n\n\n\n<div class=\"wp-block-columns is-layout-flex wp-container-core-columns-is-layout-28f84493 wp-block-columns-is-layout-flex\">\n<div class=\"wp-block-column is-layout-flow wp-block-column-is-layout-flow\">\n<figure class=\"wp-block-image size-full\"><img loading=\"lazy\" decoding=\"async\" width=\"472\" height=\"299\" src=\"http:\/\/lysbrohistorier.dk\/wp-content\/uploads\/2023\/05\/Hotel-Lysbro-1906.jpg\" alt=\"\" class=\"wp-image-306\" srcset=\"https:\/\/lysbrohistorier.dk\/wp-content\/uploads\/2023\/05\/Hotel-Lysbro-1906.jpg 472w, https:\/\/lysbrohistorier.dk\/wp-content\/uploads\/2023\/05\/Hotel-Lysbro-1906-300x190.jpg 300w\" sizes=\"auto, (max-width: 472px) 100vw, 472px\" \/><figcaption class=\"wp-element-caption\">Hotel Lysbro 1906<\/figcaption><\/figure>\n<\/div>\n\n\n\n<div class=\"wp-block-column is-layout-flow wp-block-column-is-layout-flow\">\n<figure class=\"wp-block-image size-full\"><img loading=\"lazy\" decoding=\"async\" width=\"480\" height=\"283\" src=\"http:\/\/lysbrohistorier.dk\/wp-content\/uploads\/2023\/07\/Hotel-Lysbro-Herningvej-44-B4142.jpg\" alt=\"\" class=\"wp-image-756\" srcset=\"https:\/\/lysbrohistorier.dk\/wp-content\/uploads\/2023\/07\/Hotel-Lysbro-Herningvej-44-B4142.jpg 480w, https:\/\/lysbrohistorier.dk\/wp-content\/uploads\/2023\/07\/Hotel-Lysbro-Herningvej-44-B4142-300x177.jpg 300w\" sizes=\"auto, (max-width: 480px) 100vw, 480px\" \/><figcaption class=\"wp-element-caption\">Hotel Lysbro Herningvej 44 (B4142)<\/figcaption><\/figure>\n<\/div>\n<\/div>\n\n\n\n<p><strong>1922<\/strong><\/p>\n\n\n\n<p>J\u00e6vnlig musikalsk underholdning<\/p>\n\n\n\n<p><strong>1928<\/strong><\/p>\n\n\n\n<p>`G\u00e6stgiver` P. Schriwer&nbsp;&nbsp;&nbsp; &#8211;&nbsp; brand 1928 ? &#8211; Murerm. Magnus Nielsen genopf\u00f8rer.<\/p>\n\n\n\n<p>I Schriwers tid blev hotellet kaldt M\u00f8llestuen, under krigen opholdt tyske soldater sig her, og en herefter tyske flygtninge<\/p>\n\n\n\n<p><strong>1929<\/strong><\/p>\n\n\n\n<p>15 okt. 1929 stiftes Lysbro Borgerforening, med juletr\u00e6sfester, sommerudflugter, lotterispil, dilettant og karneval m.m.<\/p>\n\n\n\n<p><strong>1934<\/strong><\/p>\n\n\n\n<p>Murermester Magnus Nielsen opf\u00f8rer Hotellet igen efter brand.<\/p>\n\n\n\n<p><strong>1946<\/strong><\/p>\n\n\n\n<p>Sigrid Petersen<\/p>\n\n\n\n<p>9 september blev Lysbro Boldklub og Gymnastikforening sl\u00e5et sammen til&nbsp; Lysbro Gymnastikforening,&nbsp;&nbsp; &#8211; med egen Fane.<\/p>\n\n\n\n<p>Foruden gymnastik, fodbold, h\u00e5ndbold, badminton, skak og lotterispil&nbsp; der holdt deres&nbsp; m\u00f8der p\u00e5 Lysbro Hotel, afholdte man ogs\u00e5 mange familiefester<\/p>\n\n\n\n<figure class=\"wp-block-image\"><img loading=\"lazy\" decoding=\"async\" width=\"1280\" height=\"815\" src=\"http:\/\/lysbrohistorier.dk\/wp-content\/uploads\/2023\/05\/Hotel-Lysbro-1950.jpg\" alt=\"\" class=\"wp-image-307\" srcset=\"https:\/\/lysbrohistorier.dk\/wp-content\/uploads\/2023\/05\/Hotel-Lysbro-1950.jpg 1280w, https:\/\/lysbrohistorier.dk\/wp-content\/uploads\/2023\/05\/Hotel-Lysbro-1950-300x191.jpg 300w, https:\/\/lysbrohistorier.dk\/wp-content\/uploads\/2023\/05\/Hotel-Lysbro-1950-1024x652.jpg 1024w, https:\/\/lysbrohistorier.dk\/wp-content\/uploads\/2023\/05\/Hotel-Lysbro-1950-768x489.jpg 768w\" sizes=\"auto, (max-width: 1280px) 100vw, 1280px\" \/><\/figure>\n\n\n\n<p><strong>1952<\/strong><\/p>\n\n\n\n<p>Dansk Orkesterforening oph\u00e6ver blokade mod Hotel Lysbro. &#8211;&nbsp; MJA 22\/8 2002<\/p>\n\n\n\n<p>Man har undertiden ogs\u00e5 haft g\u00e6ster fra Silkeborg Bad, da det var billigere at bo her, og `di\u00e6ten` knap s\u00e5 restriktiv.<\/p>\n\n\n\n<p><strong>1949 -1957<\/strong><\/p>\n\n\n\n<p>Albert Hajring Nielsen ejer Hotelet.<\/p>\n\n\n\n<p>Teglv\u00e6rksklubben holder m\u00f8der og fester for arbejdere p\u00e5 de 3 Teglv\u00e6rker.<\/p>\n\n\n\n<p>Ligeledes Lysbro Folkedanserforening og Julens Gl\u00e6de Sparreforening og mange &nbsp;andre<\/p>\n\n\n\n<p><strong>1957&nbsp;<\/strong><\/p>\n\n\n\n<p>Harry Christensen, ejer &#8211; i f\u00f8lge Telefonn\u00f8glen<\/p>\n\n\n\n<figure class=\"wp-block-image\"><img loading=\"lazy\" decoding=\"async\" width=\"810\" height=\"650\" src=\"http:\/\/lysbrohistorier.dk\/wp-content\/uploads\/2023\/05\/Hotel-Lysbro-1959.jpg\" alt=\"\" class=\"wp-image-309\" srcset=\"https:\/\/lysbrohistorier.dk\/wp-content\/uploads\/2023\/05\/Hotel-Lysbro-1959.jpg 810w, https:\/\/lysbrohistorier.dk\/wp-content\/uploads\/2023\/05\/Hotel-Lysbro-1959-300x241.jpg 300w, https:\/\/lysbrohistorier.dk\/wp-content\/uploads\/2023\/05\/Hotel-Lysbro-1959-768x616.jpg 768w\" sizes=\"auto, (max-width: 810px) 100vw, 810px\" \/><\/figure>\n\n\n\n<p><strong>1966<\/strong><\/p>\n\n\n\n<p>Peter Bjerring Ravn.<\/p>\n\n\n\n<p>Det allerf\u00f8rste fors\u00f8g p\u00e5 at integrere Jugoslaverne som Kaj Neckelmann hentede&nbsp;&nbsp; hertil i 1969\/70 blev gjort p\u00e5 Hotel Lysbro, det blev til nogle f\u00e5 sociale arrangementer&nbsp; med underholdning og dans. Men en baptistmission\u00e6r og en l\u00e6rerstuderende fik sat en k\u00e6p i hjulet. Der blev oprettet en Dansk-Jugoslavisk klub p\u00e5 Afholdshotellet i Fredensgade og Klub 70 i det tidligere laboratorium til slagteriet p\u00e5 Drewsensvej 70, der nu ejes af Kaj Neckelmann.<\/p>\n\n\n\n<p><strong>1970<\/strong><\/p>\n\n\n\n<p>Hotellet lukker i november<\/p>\n\n\n\n<p><strong>1971<\/strong><\/p>\n\n\n\n<p>Nye ejere Jette Gundersen \/ Kaj Barnholdt &#8211; s\u00f8ger om iskiosk og 5 weekendhytter.&nbsp; Det godkendes ikke.<\/p>\n\n\n\n<p><strong>1977 &#8211; 1990&nbsp;<\/strong><\/p>\n\n\n\n<p>Plejehjem, drevet af Chatrine M. Hvidbjerg (sygeplejerske)<\/p>\n\n\n\n<p><strong>1991<\/strong><\/p>\n\n\n\n<p><strong>ARBEJDE ADLER.&nbsp;&nbsp; <\/strong>Herningvej 44.<\/p>\n\n\n\n<p>Pr\u00e6st ved diakonistiftelsen Nicolaj Dalhoff er stifter af Arbejde Adler i 1911.<\/p>\n\n\n\n<p>Ved stiftelsen i 1911 sk\u00f8nnedes at ca. 10.000 mennesker var hjem og arbejdsl\u00f8se og vagabonderede rundt p\u00e5 de danske veje og ern\u00e6rede sig med sm\u00e5job og tiggeri.<\/p>\n\n\n\n<p>Det er i dag en selvejende institution med tilbud til kvinder og m\u00e6nd under 65 \u00e5r,som efter endt hospitalsophold ikke kan vende hjem til eget hjem og her drager Arbejde Adler omsorg for borgere med helbreds og sociale udfordringer.<\/p>\n\n\n\n<p>Institutionerne fordeler sig i dag p\u00e5 &#8211;&nbsp; Godrum ved Hj\u00f8llund, &#8211;&nbsp; Dalhoffsminde ved&nbsp;&nbsp;&nbsp;&nbsp; Haderslev, &#8211;&nbsp; Roskildehjemmet,&nbsp; &#8211;&nbsp; Hoptrup Hytteby, &#8211;&nbsp; Arbejde Adler`s Hus p\u00e5 N\u00f8rrebro, &#8211;&nbsp; Glim Refugium ved Roskilde, &#8211;&nbsp; Arbejde Adler&nbsp; Herningvej 44 i Lysbro.<\/p>\n\n\n\n<p>Kilder : Lokalhistorisk &#8211; arkiv,&nbsp; B 9803, B 21354, B7564<\/p>\n\n\n\n<p>Frode Christensen<\/p>\n\n\n\n<p>Henning&nbsp;<\/p>\n\n\n\n<p><\/p>\n","protected":false},"excerpt":{"rendered":"<p>1906 Opf\u00f8res Hotel Lysbro 1922 J\u00e6vnlig musikalsk underholdning 1928 `G\u00e6stgiver` P. Schriwer&nbsp;&nbsp;&nbsp; &#8211;&nbsp; brand 1928 ? &#8211; Murerm. Magnus Nielsen genopf\u00f8rer. I Schriwers tid blev hotellet kaldt M\u00f8llestuen, under krigen opholdt tyske soldater sig her, og en herefter tyske flygtninge 1929 15 okt. 1929 stiftes Lysbro Borgerforening, med juletr\u00e6sfester, sommerudflugter, lotterispil, dilettant og karneval m.m. [&hellip;]<\/p>\n","protected":false},"author":1,"featured_media":0,"parent":0,"menu_order":0,"comment_status":"closed","ping_status":"closed","template":"","meta":{"site-sidebar-layout":"no-sidebar","site-content-layout":"narrow-container","ast-site-content-layout":"default","site-content-style":"default","site-sidebar-style":"default","ast-global-header-display":"","ast-banner-title-visibility":"","ast-main-header-display":"","ast-hfb-above-header-display":"","ast-hfb-below-header-display":"","ast-hfb-mobile-header-display":"","site-post-title":"","ast-breadcrumbs-content":"","ast-featured-img":"","footer-sml-layout":"","ast-disable-related-posts":"","theme-transparent-header-meta":"","adv-header-id-meta":"","stick-header-meta":"","header-above-stick-meta":"","header-main-stick-meta":"","header-below-stick-meta":"","astra-migrate-meta-layouts":"default","ast-page-background-enabled":"default","ast-page-background-meta":{"desktop":{"background-color":"var(--ast-global-color-4)","background-image":"","background-repeat":"repeat","background-position":"center center","background-size":"auto","background-attachment":"scroll","background-type":"","background-media":"","overlay-type":"","overlay-color":"","overlay-opacity":"","overlay-gradient":""},"tablet":{"background-color":"","background-image":"","background-repeat":"repeat","background-position":"center center","background-size":"auto","background-attachment":"scroll","background-type":"","background-media":"","overlay-type":"","overlay-color":"","overlay-opacity":"","overlay-gradient":""},"mobile":{"background-color":"","background-image":"","background-repeat":"repeat","background-position":"center center","background-size":"auto","background-attachment":"scroll","background-type":"","background-media":"","overlay-type":"","overlay-color":"","overlay-opacity":"","overlay-gradient":""}},"ast-content-background-meta":{"desktop":{"background-color":"var(--ast-global-color-5)","background-image":"","background-repeat":"repeat","background-position":"center center","background-size":"auto","background-attachment":"scroll","background-type":"","background-media":"","overlay-type":"","overlay-color":"","overlay-opacity":"","overlay-gradient":""},"tablet":{"background-color":"var(--ast-global-color-5)","background-image":"","background-repeat":"repeat","background-position":"center center","background-size":"auto","background-attachment":"scroll","background-type":"","background-media":"","overlay-type":"","overlay-color":"","overlay-opacity":"","overlay-gradient":""},"mobile":{"background-color":"var(--ast-global-color-5)","background-image":"","background-repeat":"repeat","background-position":"center center","background-size":"auto","background-attachment":"scroll","background-type":"","background-media":"","overlay-type":"","overlay-color":"","overlay-opacity":"","overlay-gradient":""}},"footnotes":""},"class_list":["post-303","page","type-page","status-publish","hentry"],"_links":{"self":[{"href":"https:\/\/lysbrohistorier.dk\/index.php\/wp-json\/wp\/v2\/pages\/303","targetHints":{"allow":["GET"]}}],"collection":[{"href":"https:\/\/lysbrohistorier.dk\/index.php\/wp-json\/wp\/v2\/pages"}],"about":[{"href":"https:\/\/lysbrohistorier.dk\/index.php\/wp-json\/wp\/v2\/types\/page"}],"author":[{"embeddable":true,"href":"https:\/\/lysbrohistorier.dk\/index.php\/wp-json\/wp\/v2\/users\/1"}],"replies":[{"embeddable":true,"href":"https:\/\/lysbrohistorier.dk\/index.php\/wp-json\/wp\/v2\/comments?post=303"}],"version-history":[{"count":10,"href":"https:\/\/lysbrohistorier.dk\/index.php\/wp-json\/wp\/v2\/pages\/303\/revisions"}],"predecessor-version":[{"id":1089,"href":"https:\/\/lysbrohistorier.dk\/index.php\/wp-json\/wp\/v2\/pages\/303\/revisions\/1089"}],"wp:attachment":[{"href":"https:\/\/lysbrohistorier.dk\/index.php\/wp-json\/wp\/v2\/media?parent=303"}],"curies":[{"name":"wp","href":"https:\/\/api.w.org\/{rel}","templated":true}]}}