{"id":402,"date":"2023-06-01T17:56:52","date_gmt":"2023-06-01T17:56:52","guid":{"rendered":"https:\/\/lysbrohistorier.dk\/?page_id=402"},"modified":"2023-09-07T19:59:20","modified_gmt":"2023-09-07T19:59:20","slug":"fiskers-caravanfabrik-lysbro","status":"publish","type":"page","link":"https:\/\/lysbrohistorier.dk\/index.php\/fiskers-caravanfabrik-lysbro\/","title":{"rendered":"Fiskers Caravanfabrik\u00a0 Lysbro."},"content":{"rendered":"\n<p>Villy Fisker startede allerede som 16 \u00e5rig med teltudlejning i Funder Kirkeby og drev senere i mange \u00e5r forretning p\u00e5 Funder Bakke 53<\/p>\n\n\n\n<p>En af de efterf\u00f8lgende virksomheder p\u00e5 Herningvej 98 er Fiskars Caravanfabrik, der starter produktion i Funder By af campingvogne i 1981. Oktober 1983 er der behov for mere plads og det bliver i Winkler &amp; Windsl\u00f8v`s moderniserede lokaler. Der er reception 3 december 1983.<\/p>\n\n\n\n<p>Der er 6 typer af campingvogne med navnet Senator, foruden forskellige salgsvogne og specialopbygninger p\u00e5 programmet.<\/p>\n\n\n\n<figure class=\"wp-block-image aligncenter size-medium wp-image-849\"><img loading=\"lazy\" decoding=\"async\" width=\"300\" height=\"222\" src=\"http:\/\/lysbrohistorier.dk\/wp-content\/uploads\/2023\/07\/Villy-Fisker-produktion-af-Senator-Campingvogne-Herningvej-100-B1218-300x222.jpg\" alt=\"\" class=\"wp-image-849\" srcset=\"https:\/\/lysbrohistorier.dk\/wp-content\/uploads\/2023\/07\/Villy-Fisker-produktion-af-Senator-Campingvogne-Herningvej-100-B1218-300x222.jpg 300w, https:\/\/lysbrohistorier.dk\/wp-content\/uploads\/2023\/07\/Villy-Fisker-produktion-af-Senator-Campingvogne-Herningvej-100-B1218-1024x758.jpg 1024w, https:\/\/lysbrohistorier.dk\/wp-content\/uploads\/2023\/07\/Villy-Fisker-produktion-af-Senator-Campingvogne-Herningvej-100-B1218-768x568.jpg 768w, https:\/\/lysbrohistorier.dk\/wp-content\/uploads\/2023\/07\/Villy-Fisker-produktion-af-Senator-Campingvogne-Herningvej-100-B1218-24x18.jpg 24w, https:\/\/lysbrohistorier.dk\/wp-content\/uploads\/2023\/07\/Villy-Fisker-produktion-af-Senator-Campingvogne-Herningvej-100-B1218-36x27.jpg 36w, https:\/\/lysbrohistorier.dk\/wp-content\/uploads\/2023\/07\/Villy-Fisker-produktion-af-Senator-Campingvogne-Herningvej-100-B1218-48x36.jpg 48w, https:\/\/lysbrohistorier.dk\/wp-content\/uploads\/2023\/07\/Villy-Fisker-produktion-af-Senator-Campingvogne-Herningvej-100-B1218.jpg 1280w\" sizes=\"auto, (max-width: 300px) 100vw, 300px\" \/><figcaption class=\"wp-element-caption\">Villy Fisker, produktion af Senator Campingvogne, 1980 Herningvej 100<br>( B1218)<\/figcaption><\/figure>\n\n\n\n<p>Og det er ogs\u00e5 her hovedparten af f\u00f8rste \u00e5rs produktion p\u00e5 50 stk. s\u00e6lges, men i 1984 og frem kobles 12 forhandlere p\u00e5, og eksport til Holland, Norge og Sverige, samt et stort marked i Tyskland for salgsvogne. Der er nu ca. 15 ansatte p\u00e5 de 1400 kvm. fabrik.<\/p>\n\n\n\n<p>I februar 1984 f\u00e5r Villy Fisker overrakt Silkeborg Erhvervsr\u00e5ds Erhvervspris for sit initiativ og indsats for at skabe et nyt dansk produkt og deraf f\u00f8lgende arbejdspladser.<\/p>\n\n\n\n<div class=\"wp-block-columns is-layout-flex wp-container-core-columns-is-layout-28f84493 wp-block-columns-is-layout-flex\">\n<div class=\"wp-block-column is-layout-flow wp-block-column-is-layout-flow\">\n<figure class=\"wp-block-image size-full\"><img loading=\"lazy\" decoding=\"async\" width=\"1959\" height=\"1961\" src=\"http:\/\/lysbrohistorier.dk\/wp-content\/uploads\/2023\/09\/Fiskers-caravan-2.bmp\" alt=\"\" class=\"wp-image-1254\"\/><figcaption class=\"wp-element-caption\">Fiskers Caravan<\/figcaption><\/figure>\n<\/div>\n\n\n\n<div class=\"wp-block-column is-layout-flow wp-block-column-is-layout-flow\">\n<figure class=\"wp-block-image size-large is-resized\"><img loading=\"lazy\" decoding=\"async\" src=\"http:\/\/lysbrohistorier.dk\/wp-content\/uploads\/2023\/09\/Fisker-Caravan-Herningvej-1024x762.jpg\" alt=\"\" class=\"wp-image-1255\" width=\"354\" height=\"263\" srcset=\"https:\/\/lysbrohistorier.dk\/wp-content\/uploads\/2023\/09\/Fisker-Caravan-Herningvej-1024x762.jpg 1024w, https:\/\/lysbrohistorier.dk\/wp-content\/uploads\/2023\/09\/Fisker-Caravan-Herningvej-300x223.jpg 300w, https:\/\/lysbrohistorier.dk\/wp-content\/uploads\/2023\/09\/Fisker-Caravan-Herningvej-768x571.jpg 768w, https:\/\/lysbrohistorier.dk\/wp-content\/uploads\/2023\/09\/Fisker-Caravan-Herningvej-1536x1142.jpg 1536w, https:\/\/lysbrohistorier.dk\/wp-content\/uploads\/2023\/09\/Fisker-Caravan-Herningvej-24x18.jpg 24w, https:\/\/lysbrohistorier.dk\/wp-content\/uploads\/2023\/09\/Fisker-Caravan-Herningvej-36x27.jpg 36w, https:\/\/lysbrohistorier.dk\/wp-content\/uploads\/2023\/09\/Fisker-Caravan-Herningvej-48x36.jpg 48w, https:\/\/lysbrohistorier.dk\/wp-content\/uploads\/2023\/09\/Fisker-Caravan-Herningvej.jpg 1604w\" sizes=\"auto, (max-width: 354px) 100vw, 354px\" \/><figcaption class=\"wp-element-caption\">Fisker Caravan Herningvej<\/figcaption><\/figure>\n<\/div>\n<\/div>\n\n\n\n<p>Grundet en st\u00f8rre kundes manglende betaling kommer firmaet i vanskeligheder firmaet f\u00e5r ny ejer 1992, den nye ejer Kaj Lundg\u00e5rd g\u00e5r dog konkurs et par \u00e5r senere.<\/p>\n\n\n\n<p>I dag (2020) driver Villy Fisker Selandia trailer Import i H\u00e5rup.&nbsp; Der er import fra 12 lande bl.a. Polen, Tjekiet, Holland, Frankrig m.fl. og der er siden 1998 solgt over 120.000&nbsp; stk.<\/p>\n\n\n\n<p>Herefter k\u00f8ber Ole Kristoffer Hansen ejendommen, og flytter VVS firmaet fra Skolegade hertil i 2005<\/p>\n\n\n\n<p>Ole`s far,&nbsp; Kristoffer Hansen var arkitekt og har i sin tid tegnet en del af bygningerne for Winkler &amp; Windsl\u00f8v, bl.a. nuv\u00e6rende domicil. I dag (2020) er det s\u00f8skendeparret Marianne og Frank Hansen der driver VVS firmaet Ole K. videre i de historiske bygninger.&#8217;<\/p>\n\n\n\n<figure class=\"wp-block-image\"><img loading=\"lazy\" decoding=\"async\" width=\"1024\" height=\"539\" src=\"http:\/\/lysbrohistorier.dk\/wp-content\/uploads\/2023\/06\/Tegning-OleK-1024x539.jpg\" alt=\"\" class=\"wp-image-427\" srcset=\"https:\/\/lysbrohistorier.dk\/wp-content\/uploads\/2023\/06\/Tegning-OleK-1024x539.jpg 1024w, https:\/\/lysbrohistorier.dk\/wp-content\/uploads\/2023\/06\/Tegning-OleK-300x158.jpg 300w, https:\/\/lysbrohistorier.dk\/wp-content\/uploads\/2023\/06\/Tegning-OleK-768x405.jpg 768w, https:\/\/lysbrohistorier.dk\/wp-content\/uploads\/2023\/06\/Tegning-OleK-1536x809.jpg 1536w, https:\/\/lysbrohistorier.dk\/wp-content\/uploads\/2023\/06\/Tegning-OleK-2048x1079.jpg 2048w\" sizes=\"auto, (max-width: 1024px) 100vw, 1024px\" \/><\/figure>\n\n\n\n<figure class=\"wp-block-image alignnone size-large wp-image-429\"><img loading=\"lazy\" decoding=\"async\" width=\"1024\" height=\"768\" src=\"http:\/\/lysbrohistorier.dk\/wp-content\/uploads\/2023\/06\/WinklerWindsloev-OK-VVS--1024x768.jpg\" alt=\"\" class=\"wp-image-429\" srcset=\"https:\/\/lysbrohistorier.dk\/wp-content\/uploads\/2023\/06\/WinklerWindsloev-OK-VVS--1024x768.jpg 1024w, https:\/\/lysbrohistorier.dk\/wp-content\/uploads\/2023\/06\/WinklerWindsloev-OK-VVS--300x225.jpg 300w, https:\/\/lysbrohistorier.dk\/wp-content\/uploads\/2023\/06\/WinklerWindsloev-OK-VVS--768x576.jpg 768w, https:\/\/lysbrohistorier.dk\/wp-content\/uploads\/2023\/06\/WinklerWindsloev-OK-VVS--1536x1152.jpg 1536w, https:\/\/lysbrohistorier.dk\/wp-content\/uploads\/2023\/06\/WinklerWindsloev-OK-VVS--2048x1536.jpg 2048w\" sizes=\"auto, (max-width: 1024px) 100vw, 1024px\" \/><figcaption class=\"wp-element-caption\">Tidligere Lysbrog\u00e5rd, Winkler &amp; Windsl\u00f8v, nu Ole K. VVS<\/figcaption><\/figure>\n\n\n\n<p>\/Henning<\/p>\n","protected":false},"excerpt":{"rendered":"<p>Villy Fisker startede allerede som 16 \u00e5rig med teltudlejning i Funder Kirkeby og drev senere i mange \u00e5r forretning p\u00e5 Funder Bakke 53 En af de efterf\u00f8lgende virksomheder p\u00e5 Herningvej 98 er Fiskars Caravanfabrik, der starter produktion i Funder By af campingvogne i 1981. Oktober 1983 er der behov for mere plads og det bliver [&hellip;]<\/p>\n","protected":false},"author":1,"featured_media":0,"parent":0,"menu_order":0,"comment_status":"closed","ping_status":"closed","template":"","meta":{"site-sidebar-layout":"no-sidebar","site-content-layout":"narrow-container","ast-site-content-layout":"default","site-content-style":"default","site-sidebar-style":"default","ast-global-header-display":"","ast-banner-title-visibility":"","ast-main-header-display":"","ast-hfb-above-header-display":"","ast-hfb-below-header-display":"","ast-hfb-mobile-header-display":"","site-post-title":"","ast-breadcrumbs-content":"","ast-featured-img":"","footer-sml-layout":"","ast-disable-related-posts":"","theme-transparent-header-meta":"","adv-header-id-meta":"","stick-header-meta":"","header-above-stick-meta":"","header-main-stick-meta":"","header-below-stick-meta":"","astra-migrate-meta-layouts":"default","ast-page-background-enabled":"default","ast-page-background-meta":{"desktop":{"background-color":"var(--ast-global-color-4)","background-image":"","background-repeat":"repeat","background-position":"center center","background-size":"auto","background-attachment":"scroll","background-type":"","background-media":"","overlay-type":"","overlay-color":"","overlay-opacity":"","overlay-gradient":""},"tablet":{"background-color":"","background-image":"","background-repeat":"repeat","background-position":"center center","background-size":"auto","background-attachment":"scroll","background-type":"","background-media":"","overlay-type":"","overlay-color":"","overlay-opacity":"","overlay-gradient":""},"mobile":{"background-color":"","background-image":"","background-repeat":"repeat","background-position":"center center","background-size":"auto","background-attachment":"scroll","background-type":"","background-media":"","overlay-type":"","overlay-color":"","overlay-opacity":"","overlay-gradient":""}},"ast-content-background-meta":{"desktop":{"background-color":"var(--ast-global-color-5)","background-image":"","background-repeat":"repeat","background-position":"center center","background-size":"auto","background-attachment":"scroll","background-type":"","background-media":"","overlay-type":"","overlay-color":"","overlay-opacity":"","overlay-gradient":""},"tablet":{"background-color":"var(--ast-global-color-5)","background-image":"","background-repeat":"repeat","background-position":"center center","background-size":"auto","background-attachment":"scroll","background-type":"","background-media":"","overlay-type":"","overlay-color":"","overlay-opacity":"","overlay-gradient":""},"mobile":{"background-color":"var(--ast-global-color-5)","background-image":"","background-repeat":"repeat","background-position":"center center","background-size":"auto","background-attachment":"scroll","background-type":"","background-media":"","overlay-type":"","overlay-color":"","overlay-opacity":"","overlay-gradient":""}},"footnotes":""},"class_list":["post-402","page","type-page","status-publish","hentry"],"_links":{"self":[{"href":"https:\/\/lysbrohistorier.dk\/index.php\/wp-json\/wp\/v2\/pages\/402","targetHints":{"allow":["GET"]}}],"collection":[{"href":"https:\/\/lysbrohistorier.dk\/index.php\/wp-json\/wp\/v2\/pages"}],"about":[{"href":"https:\/\/lysbrohistorier.dk\/index.php\/wp-json\/wp\/v2\/types\/page"}],"author":[{"embeddable":true,"href":"https:\/\/lysbrohistorier.dk\/index.php\/wp-json\/wp\/v2\/users\/1"}],"replies":[{"embeddable":true,"href":"https:\/\/lysbrohistorier.dk\/index.php\/wp-json\/wp\/v2\/comments?post=402"}],"version-history":[{"count":9,"href":"https:\/\/lysbrohistorier.dk\/index.php\/wp-json\/wp\/v2\/pages\/402\/revisions"}],"predecessor-version":[{"id":1256,"href":"https:\/\/lysbrohistorier.dk\/index.php\/wp-json\/wp\/v2\/pages\/402\/revisions\/1256"}],"wp:attachment":[{"href":"https:\/\/lysbrohistorier.dk\/index.php\/wp-json\/wp\/v2\/media?parent=402"}],"curies":[{"name":"wp","href":"https:\/\/api.w.org\/{rel}","templated":true}]}}